= -35 - -23. Let x be -3*(32/c)/4. Suppose -2*s = -f - 746, -1041 = -3*s - x*f + 78. Is s a composite number?
False
Let y(i) = -i**2 - 11*i - 19. Let t be y(-8). Suppose 2*l - 235 = -3*n - 0*l, 0 = t*n + 2*l - 389. Is n a prime number?
False
Let w(g) = 19*g**3 + 5*g**2 - 3*g + 18. Is w(5) a prime number?
True
Let t be -87*7 + 3 + 0. Let o = t + 1239. Is o a composite number?
True
Suppose -4*l + 5*x + 2 = -13, 2*x + 6 = 4*l. Is l - (-191 - (0/(-3))/3) composite?
False
Suppose -12 = 10*k - 13*k. Suppose -3*t = -3*b + 1314, -k*b - 3*t + 1015 = -730. Is b prime?
False
Let k(i) = -6*i - 374*i - 39*i + 3 + 11*i. Is k(-1) a composite number?
True
Let v = -2951 - -8514. Is v a composite number?
False
Let u be 4/(-1) + 0 + 248. Let s = -10 + -21. Let c = u + s. Is c a prime number?
False
Suppose -1 + 3 = -4*w + 2*v, -5*w = -4*v - 2. Is -89*(4 - (-34)/w) composite?
True
Suppose 0 = 3*f - 5*v - 1201, 763 + 55 = 2*f + v. Is f a composite number?
True
Let q(x) = -4*x**2 - 2*x + 54. Let b be q(-12). Let c be -1 + 1 + (762 - -1). Let m = b + c. Is m a composite number?
True
Suppose -i = 5*i. Suppose i = 4*n - 3105 - 1355. Is n composite?
True
Let h = 31 + -28. Suppose -h*z = -2*p - 1021, z = -2*p - 0*p + 327. Is z a prime number?
True
Let q(u) = 3*u - 13. Let n be q(6). Suppose -n*z - h = -258 - 5188, h + 4355 = 4*z. Suppose 4*x + z = 3005. Is x a prime number?
True
Suppose -235185 - 60723 = -12*u. Is u prime?
True
Suppose g = 7 - 4. Suppose g*k - 2*a - 1486 = k, 5*a - 743 = -k. Is k composite?
False
Let p = 19 - 16. Let m = p - 3. Is -2 + m/1 + 76 a composite number?
True
Let a be 51472/48 - (-2)/(-6). Suppose 1858 + a = 10*i. Is i a composite number?
False
Let g(m) = 253*m + 37. Let x be g(-20). Let k = -3542 - x. Is k composite?
False
Let y(g) be the second derivative of g**4/6 - g**3/2 + g**2 - 7*g. Let f be y(14). Suppose -f = 5*t - 2257. Is t a prime number?
False
Suppose 0 = -28*w - 4*w + 102048. Is w a prime number?
False
Suppose -5*l - 1267 = -3*r, 3*r - l = 2*l + 1263. Is r prime?
True
Let v(j) = 3925*j - 95. Is v(6) composite?
True
Let c(k) = 3*k + 175. Is c(-6) composite?
False
Let c = 30641 - -1316. Is c a composite number?
False
Suppose -8*k - 3069 = 2747. Let q = -308 - k. Is q composite?
False
Suppose -22411 + 3607 = -4*h. Is h a prime number?
False
Let m(j) = 2*j**3 + j**2 + 3*j - 3. Let d(q) = -2*q - 9. Let w be d(-7). Suppose 2*k = -2*x, x - 4*k + w = -6*k. Is m(x) prime?
False
Let l(n) = 1166*n**2 + 8*n - 11. Is l(1) a composite number?
False
Is 3 - (-2109*2)/3 composite?
False
Let p(g) = 3*g - 9. Let b be p(8). Is (-4)/10 - (-2421)/b composite?
True
Let g be ((-10468)/(-8))/(2/(-4)). Let q = g + 3678. Is q a prime number?
True
Let s(b) = -4956*b**3 - b**2 - 4*b - 4. Suppose -3*j = 2*j - 3*u + 8, -2*u = -3*j - 5. Is s(j) a composite number?
True
Suppose -13*b + 18226 = 52806. Let f = b - -4437. Is f a composite number?
False
Is ((-12)/(-16) - (-2)/8)*9527 a composite number?
True
Let c be 16/(-56) + (-23)/(-7). Suppose -5*g = -c*g + 150. Let n = 48 - g. Is n a prime number?
False
Let f be 4/((-1916)/(-1908) + -1). Is 40/100*(f - -1) prime?
False
Is ((-15881)/(-8) - 0) + 5/(-40) a prime number?
False
Let u(r) = -8841*r + 185. Is u(-6) a composite number?
False
Suppose 3*u = 2*c + 31508 - 3149, 3*u = -5*c + 28338. Is u prime?
False
Let p(v) = -2 + 6*v - 8*v + 2*v**2 + 3*v**2 + 2*v**2. Let x be p(-1). Suppose 68 = x*a - 5*a. Is a a prime number?
False
Let y = 4 - 8. Let l = y + 39. Is l composite?
True
Suppose 0 = -5*n + 3*r + 15592, 0 = -3*r - 19 + 22. Is n prime?
True
Suppose 8*a = 5*t + 11*a + 5115, -3*a + 4065 = -4*t. Let j = -503 - t. Is j a composite number?
True
Suppose -7*v + 8*v - 395 = 0. Is v a prime number?
False
Suppose 48*s = 43*s - 35. Let f(p) = 4*p - 9. Let i(t) = -2*t + 5. Let r(q) = 2*f(q) + 5*i(q). Is r(s) prime?
False
Let t = 17 - 17. Suppose 10 = -t*y + 2*y. Suppose -3*d = -3*r + 124 - 43, y*r = -d + 111. Is r composite?
False
Suppose 0 = -u, -u - 4 = 2*l + 168. Let i(z) = -98*z + 1. Let t be i(-4). Let s = l + t. Is s a prime number?
True
Let g be (2 - -6059) + 5/10*2. Let v = g - 2919. Is v composite?
True
Is ((-24798)/(-4))/(-6 + 270/40) a prime number?
False
Suppose 0 = 42*x - 43*x + 3. Is 7298/7 - (x - (-96)/(-28)) a prime number?
False
Suppose 14*b - 16*b + 464 = 0. Let r = -110 + b. Is r a composite number?
True
Suppose 8*d + 3152 = 55080. Is d prime?
True
Let u(l) = -l**2 + 11 - 10*l - l**2 + 3. Let r be u(-8). Let m = -23 - r. Is m a composite number?
False
Is (-3)/(-15) + (381940/25)/2 a prime number?
True
Suppose 0 = -k + 3 + 1. Suppose -4*x - 5*t + 11171 = 0, -3*x + 4561 = k*t - 3818. Is x a prime number?
True
Suppose -2*m - m = z - 15427, -2*z = 2*m - 30846. Is z composite?
True
Let y(w) = 12 - 3*w + 2*w - 2 + 0*w. Is y(6) composite?
True
Suppose -5*l + 28 = 73. Is (2/2 + -2)*(-542 - l) prime?
False
Let k(v) = v**2 + 3*v - 10. Let b be k(-5). Suppose -25*f + 22*f = b. Suppose 4*g - 1122 - 458 = f. Is g a prime number?
False
Suppose 8*a = 217070 + 694058. Is a a prime number?
True
Let r(p) = 2*p**2 + 3*p + 3. Suppose -k - 2 = 2. Let w be r(k). Is 1 - ((2 - w) + 3) a prime number?
True
Let j be (-1 - -3)*1925 - 3. Suppose 579 + j = 2*w. Is w a composite number?
False
Suppose -5*k + 1327 = -468. Let u(r) = 32*r**3 + 2*r**2 - r + 2. Let l be u(-2). Let v = k + l. Is v composite?
True
Let z = 115 + -19. Let f = z + 407. Is f a prime number?
True
Suppose 2*l = -5*p - 42 - 19, 6 = -2*l. Let k = p + 48. Suppose 2*n - q - 4 = k, 0 = -4*n + 5*q + 73. Is n a prime number?
False
Let j = 13 + 23. Is (251/4)/(9/j) a prime number?
True
Let o = 7 - 5. Is ((-9995)/(-15) - -5) + o/(-6) a prime number?
False
Suppose -w + 14733 = 4*b, 2*w = -8*b + 13*b + 29401. Is w a prime number?
True
Is (-3 - 1) + (-5)/((-10)/1782) composite?
False
Let z(t) = 8*t**2 - 38*t + 11. Is z(13) prime?
False
Let r(i) = 1093*i + 8. Is r(1) a prime number?
False
Let f(v) = -2*v**3 + 16*v**2 + 24*v + 23. Is f(-10) a prime number?
False
Suppose 4*o + 5 + 7 = 0. Is o + 7 + -1 - -714 - -2 composite?
False
Let n(u) = -23*u**2 + 2*u - 23. Let a be n(-5). Let l = a - -2019. Is l composite?
True
Suppose -19*v + 8 = -15*v. Let y be (v/(-3))/((-16)/(-120)). Is (-237)/6*10/y prime?
True
Is (-16 - (-45642)/8)/(2/8) a prime number?
False
Let r(h) = -43*h - 6*h - 770 + 769. Is r(-8) composite?
True
Let a(d) be the second derivative of -d**4/12 + 5*d**3/3 - 17*d**2/2 - 2*d. Let l be a(11). Let m = 47 + l. Is m a prime number?
True
Let o be -8 - (-1 - (1 - 2)). Let y(t) be the first derivative of -5*t**2 - t + 17. Is y(o) a composite number?
False
Suppose 0*q + q = -5*h + 61, -3*q + 39 = 3*h. Let b(d) = -3*d**2 - 5*d + 7. Let s be b(h). Let y = s + 840. Is y prime?
False
Let q = -98 - -101. Suppose -900 = -q*t - 3*y, 3*t - y = 1374 - 482. Is t a prime number?
False
Let r(s) = -49932*s + 77. Is r(-1) composite?
True
Let n(o) = 2*o + 2. Let l be n(0). Suppose -3969 = -l*c - c. Suppose -5*z - 227 = -5*y + c, -285 = -y - 4*z. Is y prime?
False
Suppose -p = -3*l + 4*p + 16310, -2*l - 3*p + 10867 = 0. Is l a prime number?
False
Let g = 19 + -56. Let q = -30 - g. Is q a composite number?
False
Let o be (30/20)/(1*2/100). Suppose -71*t - 4844 = -o*t. Is t prime?
False
Suppose -g = -0*g - 250. Let h be ((-36)/6)/((-3)/g). Let m = 1353 - h. Is m a prime number?
True
Suppose 4*l - 16786 = -2*v, 5*v = 6 - 11. Is l composite?
True
Suppose 0 = 4*l - 6*l + 556. Suppose l + 20 = 2*n. Is n composite?
False
Suppose 5*f + 13140 = 5*w, 5*w + 3*f - 4229 - 8951 = 0. Is w a prime number?
True
Suppose 2*j - 5*v = -20, -3*j + v - 9 = 34. Let h be (-52)/6*j/10. Let w = h + 2. Is w prime?
False
Suppose 16*h - 50*h + 655418 = 0. Is h composite?
True
Suppose -f = 4*f. Suppose 0 = 6*u - 5*u - 95. Suppose f = -4*b - b + u. Is b composite?
False
Suppose -2*k = r - 7658, 4*r - 7*r = -2*k - 23006. Is r composite?
True
Let d = 12036 - -1049. Is d a prime number?
False
Let w(z) = z**2 + 11*z + 8. Let v be w(-4). Let q be 6/((-24)/v) - 4. Let t(k) = 84*k**2 - k + 2. Is t(q) a composite number?
True
Suppose 15 = 2*j + 3*j. Suppose -r = -j*v - 5*r + 4091, 10 = 5*r. Is v composite?
False
Suppose 9*d + 71 = 8. Let u(f) = 7*f**2 + 7*f + 1. Is u(d) prime?
False
Let a(j) = j**3 + 5*j**2 - j - 5. Let l be